14, 0 = 5*i - 3 - 7. Suppose 5*k = -41 + 106. What is the remainder when k is divided by t?
5
Let x(i) = 9*i**2 - 2*i - 3. Suppose 3*a = -a - 16. Let q be (12/15)/(a/10). Calculate the remainder when x(q) is divided by 20.
17
Suppose 24 = -8*t + 2*t. What is the remainder when (-495)/18*(-3)/((-15)/t) is divided by 9?
4
Let h be 14/(-4) - 10/(-20). Let w(t) = 6*t - 23. What is the remainder when (1 + 68)*h/(-9) is divided by w(6)?
10
Let b = -21 + 36. What is the remainder when ((-114)/90 - 9/(-15))*-87 is divided by b?
13
Let s(z) = z**3 + 5*z**2 - 5*z + 7. Let a be s(-6). Let j be (3 + -1)*12/8. Let i = j + a. What is the remainder when 13 is divided by i?
1
Suppose -27*r + 1357 = -2423. What is the remainder when r is divided by 41?
17
Let h(k) = -38*k**2 - 2*k - 4. Let l(r) = r**2 + 2. Let q(o) = -h(o) - l(o). What is the remainder when q(-1) is divided by 14?
9
Let r(a) = -12*a + 1. Let x be 8/60 + (-416)/(-30). Let u(z) = -z**2 + 17*z - 20. Calculate the remainder when r(-7) is divided by u(x).
19
Suppose -2*a - 3*m = -82, -5*a + m + 137 + 85 = 0. Suppose 0 = 2*j - a - 14. What is the remainder when j is divided by 8?
5
Let p = -24 - -41. Suppose 15*w = 238 + p. What is the remainder when w is divided by 4?
1
Let s = 1664 + -743. Calculate the remainder when s is divided by 14.
11
Suppose 1 = 4*g - 3. Let s(j) = 8*j**3 + j - 1. Let a be s(-3). What is the remainder when g/2*a/(-5) is divided by 12?
10
Let g = -1248 + 1985. What is the remainder when g is divided by 37?
34
Suppose 34 = -t - 5*w + 105, 3*w = -4*t + 216. Suppose 4*l + t - 491 = 0. Suppose -11*p = -6*p - l. Calculate the remainder when p is divided by 12.
10
Suppose -4*y = 48 + 72. Let s = y - -39. Suppose f + 30 = 4*j - 15, -j + f = -s. Calculate the remainder when 21 is divided by j.
9
Let j = 8 + 14. Let r(o) = -o**2 - 6*o + 7. What is the remainder when j is divided by r(-5)?
10
Let o(g) = g**3 + 3*g**2 + 3*g - 2. Let k be o(-4). Let w be 2/8 - k/8. What is the remainder when 6 is divided by -1 + w + 0/2?
0
Suppose -3*t - 535 = -8*t. What is the remainder when t is divided by (-45)/(-5)*(-6)/(-2)?
26
Let r(c) = c**3 - 28*c**2 - 89*c - 75. Calculate the remainder when 928 is divided by r(31).
46
Suppose -4*x = -5*x - m + 45, -2*x - 5*m = -105. Calculate the remainder when 117 is divided by x.
37
Let z = -35 - -59. What is the remainder when 97 is divided by z?
1
Suppose -367 = 2*v - 373. What is the remainder when v is divided by 1?
0
Let x(g) = -7*g - 4. Let v be x(-2). Suppose 0 = d + 4 - v. What is the remainder when (-1)/4 + (-122)/(-8) is divided by d?
3
Suppose -4*d - 24 = -4*s, 3*d = -5*s - d + 30. What is the remainder when 3*(2 - (-15)/9) is divided by s?
5
Suppose -2*z - 8 = 0, 0 = i - 4*z - 7 - 25. Suppose 4*m + m = 3*o - 25, -o + 6 = -4*m. What is the remainder when 306/o - (-8)/20 is divided by i?
15
Let p(u) = u**3 - u**2 + 2*u + 22. Let z(b) = b**2 + 4*b + 4. Let o be z(5). Suppose 4*w = -17 + o. What is the remainder when p(0) is divided by w?
6
Calculate the remainder when 149 is divided by (-417)/(-9) - 2/(-3).
8
Let a = -130 + 93. Let r = a - -176. Suppose -o - o + 92 = -3*l, -4*l - r = -3*o. What is the remainder when o is divided by 25?
24
Let p(d) = -d**3 + 20*d**2 - 17*d + 17. Let g(l) = -l**2 - 8*l + 12. Let f be g(-7). Calculate the remainder when p(f) is divided by 21.
13
Suppose -3*u - 72 = -3*i, -4*i + 0*u = u - 121. What is the remainder when 53 is divided by i?
24
Suppose 10*x - 7*x - 51 = 0. What is the remainder when (-10)/30 + (-148)/(-3) is divided by x?
15
What is the remainder when 46 - (6/2 - 1) is divided by 15/(-80)*16/12 - 525/(-20)?
18
Let z = -41 - -52. Let x(c) = -c**3 + 10*c**2 + 14*c + 13. What is the remainder when x(z) is divided by 10?
6
Let h = -12 + 16. Suppose 0 = -h*i + 15 + 69. Calculate the remainder when ((-12)/10)/(9/(-300)) is divided by i.
19
Suppose -42 = -6*g - 12. Suppose 4*k + 2*w = 130, -4*k + 5*w = -g*k + 10. Let j(q) = 8*q**2 + 1. What is the remainder when k is divided by j(1)?
8
Suppose -k - 33 - 13 = -m, 3*m = -2*k + 118. Suppose -b = -l + 8, -2*l + l = 5*b - 26. What is the remainder when m is divided by l?
9
Suppose -15*p = -10*p - 860. What is the remainder when p is divided by 29?
27
Let x be (1/3)/((-1)/(-21)). Suppose -16 = -x*o + 3*o. Suppose -u + 2 + o = 0. Calculate the remainder when 22 is divided by u.
4
Let z be (7 - -881) + (0 - 3). Suppose -10*q = -z + 275. Calculate the remainder when q is divided by 11.
6
Suppose 3*c - 87 = 3*u - 21, -3*u - 32 = -c. Calculate the remainder when 591 is divided by c.
13
Let p(v) = -v**2 + 4*v + 22. Let r be p(0). Suppose -4*s + 31 + 9 = 4*o, s - 2*o = r. What is the remainder when 81 is divided by s?
11
Suppose -2*o + y + 31 = 0, -2*y - 2*y = 2*o - 36. Calculate the remainder when 19 is divided by o.
3
Let z = 812 - 557. Calculate the remainder when z is divided by 65.
60
Suppose n + n - 43 = -5*j, 4*n - 4*j - 72 = 0. What is the remainder when n is divided by 2 - (2/3 - (-64)/(-6))?
7
Let w = 1224 + -1128. What is the remainder when w is divided by 40?
16
Let w = -564 - -607. Calculate the remainder when 269 is divided by w.
11
Calculate the remainder when 122 is divided by ((-32)/(-6))/((-68)/24 + 3).
26
Let c be 14/4 + (-18)/12. Suppose c*b - 90 = -p, 0 = -b + p + 42 - 3. Calculate the remainder when b is divided by 23.
20
Suppose 2*q + 4*i = 64, 4*q - 2*i + 4*i - 140 = 0. What is the remainder when 122 is divided by q?
14
Let z = -8 + 36. Calculate the remainder when z is divided by 20 + -4 + 4 + -5 + 1.
12
What is the remainder when (-2)/4*-10*3 is divided by 4?
3
Let h = 70 + 48. Let m(y) = -y**3 - 41*y**2 + 36*y - 235. What is the remainder when h is divided by m(-42)?
16
Let w = -33 - -47. Let b = w - 11. Calculate the remainder when 6 is divided by b.
0
Let o be 336*(2 + (-12)/4). Let q(m) = 12*m**2 + 3*m + 3. What is the remainder when q(-2) is divided by (-10)/4*o/70?
9
Suppose 7*h = 6*h + 89. Suppose 3*n = 116 - 23. Calculate the remainder when h is divided by n.
27
Suppose 3*x = -5*j + 121, 0*x + j - 125 = -3*x. Calculate the remainder when 122 is divided by x.
38
Let p(w) = -26*w**3 - 5*w**2 + 4. Calculate the remainder when 246 is divided by p(-1).
21
Let g(z) = 3*z**3 + 36*z**2 - 2*z + 25. What is the remainder when 107 is divided by g(-12)?
9
Suppose -362 = -3*m + h, -m + h + 92 + 26 = 0. What is the remainder when m is divided by 42?
38
Suppose 197*g - 193*g = 96. What is the remainder when 73 is divided by g?
1
Let v = 587 + -503. Calculate the remainder when 333 is divided by v.
81
Suppose a - 15 = -s, -2*a + 99 = 5*s - 5*a. Suppose -s*m = -13*m - 75. Calculate the remainder when 55 is divided by m.
10
Let v = 15 + -12. Let b be (725/10)/(v/6). Suppose 4*t + t - b = 0. Calculate the remainder when t is divided by 11.
7
Suppose 96 = 4*l + s, 9*l - 4*s - 99 = 4*l. What is the remainder when 147 is divided by l?
9
Suppose -4*q = -3 - 5. Let i be 10*((-5)/q)/(-5). Suppose -i*f - 3*u + 35 = -0*u, 2*u + 6 = 4*f. Calculate the remainder when 7 is divided by f.
3
What is the remainder when 13 is divided by (-9)/(-5) + (-10)/(-50)?
1
Suppose 6*n - 2*n = 264. Let r(s) = -s + 3. Let u be r(0). Let x(y) = 2*y**2 - 2*y + 5. Calculate the remainder when n is divided by x(u).
15
Let a(b) = -13*b + 10. Suppose v - 10 = 3*v. Suppose 0 = -4*i + 155 - 51. What is the remainder when a(v) is divided by i?
23
Suppose -4*l + 2*p = -2068, 0*l - 4*l = -p - 2068. Calculate the remainder when l is divided by 20.
17
Suppose 19*d + 3458 = 57*d. Calculate the remainder when d is divided by 24.
19
Suppose -17*b + 18059 - 5666 = 0. Calculate the remainder when b is divided by 10.
9
Suppose -4*d = -3*z - 71, 5*d - z = z + 94. Suppose -170*n + 261*n - 5278 = 0. Calculate the remainder when n is divided by d.
18
Let m be -2 + (-5)/(5/92). Let r = 117 + m. What is the remainder when 88 is divided by r?
19
Suppose q - 19 = -2*k, 0 = -2*q + 3*k - 0*k + 17. Suppose -2*b = 8 - 2. What is the remainder when -1 + (-26)/(b/3) is divided by q?
12
Suppose 0 = -r + 14 + 12. Suppose -2*b - 11 = -3*f, 0 = 4*f + f - 4*b - 19. What is the remainder when 2497/33 - (-1)/f is divided by r?
24
Calculate the remainder when 51 is divided by 5/(3/(-6)*6/(-9)).
6
Let q(v) = 4*v**2 - 7*v - 1